{"id":596,"date":"2019-11-22T11:11:17","date_gmt":"2019-11-22T10:11:17","guid":{"rendered":"http:\/\/www.ad2elektronika.hu\/?page_id=596"},"modified":"2025-02-20T13:53:26","modified_gmt":"2025-02-20T12:53:26","slug":"kapcsolat","status":"publish","type":"page","link":"https:\/\/www.ad2elektronika.hu\/index.php\/kapcsolat\/","title":{"rendered":"Kapcsolat"},"content":{"rendered":"\t\t<div data-elementor-type=\"wp-page\" data-elementor-id=\"596\" class=\"elementor elementor-596\">\n\t\t\t\t<div class=\"elementor-element elementor-element-b5b825f e-flex e-con-boxed wpr-particle-no wpr-jarallax-no wpr-sticky-section-no wpr-equal-height-no e-con e-parent\" data-id=\"b5b825f\" data-element_type=\"container\" data-e-type=\"container\" data-settings=\"{&quot;background_background&quot;:&quot;slideshow&quot;,&quot;background_slideshow_gallery&quot;:[{&quot;id&quot;:1288,&quot;url&quot;:&quot;https:\\\/\\\/www.ad2elektronika.hu\\\/wp-content\\\/uploads\\\/2025\\\/02\\\/office_5-wallpaper-3554x1999-1-scaled.jpg&quot;}],&quot;background_slideshow_loop&quot;:&quot;yes&quot;,&quot;background_slideshow_slide_duration&quot;:5000,&quot;background_slideshow_slide_transition&quot;:&quot;fade&quot;,&quot;background_slideshow_transition_duration&quot;:500}\">\n\t\t\t\t\t<div class=\"e-con-inner\">\n\t\t<div class=\"elementor-element elementor-element-80a0197 e-con-full e-flex wpr-particle-no wpr-jarallax-no wpr-parallax-no wpr-sticky-section-no wpr-equal-height-no e-con e-child\" data-id=\"80a0197\" data-element_type=\"container\" data-e-type=\"container\">\n\t\t\t\t<div class=\"elementor-element elementor-element-c45ec3e elementor-hidden-mobile elementor-widget elementor-widget-heading\" data-id=\"c45ec3e\" data-element_type=\"widget\" data-e-type=\"widget\" data-widget_type=\"heading.default\">\n\t\t\t\t<div class=\"elementor-widget-container\">\n\t\t\t\t\t<h2 class=\"elementor-heading-title elementor-size-default\">Kapcsolat<\/h2>\t\t\t\t<\/div>\n\t\t\t\t<\/div>\n\t\t\t\t<div class=\"elementor-element elementor-element-15745ca elementor-hidden-desktop elementor-hidden-laptop elementor-hidden-tablet elementor-widget elementor-widget-heading\" data-id=\"15745ca\" data-element_type=\"widget\" data-e-type=\"widget\" data-widget_type=\"heading.default\">\n\t\t\t\t<div class=\"elementor-widget-container\">\n\t\t\t\t\t<h2 class=\"elementor-heading-title elementor-size-default\">Kapcsolat<\/h2>\t\t\t\t<\/div>\n\t\t\t\t<\/div>\n\t\t\t\t<\/div>\n\t\t\t\t\t<\/div>\n\t\t\t\t<\/div>\n\t\t<div class=\"elementor-element elementor-element-375056a4 e-flex e-con-boxed wpr-particle-no wpr-jarallax-no wpr-parallax-no wpr-sticky-section-no wpr-equal-height-no e-con e-parent\" data-id=\"375056a4\" data-element_type=\"container\" data-e-type=\"container\">\n\t\t\t\t\t<div class=\"e-con-inner\">\n\t\t\t\t<div class=\"elementor-element elementor-element-58ca49d8 elementor-widget elementor-widget-text-editor\" data-id=\"58ca49d8\" data-element_type=\"widget\" data-e-type=\"widget\" data-widget_type=\"text-editor.default\">\n\t\t\t\t<div class=\"elementor-widget-container\">\n\t\t\t\t\t\t\t\t\t<h2>Kapcsolat<\/h2>\n\n<blockquote class=\"is-layout-flow wp-block-quote-is-layout-flow\">\n<p><strong>El\u00e9rhet\u0151s\u00e9geink<\/strong><\/p>\n<cite><strong>Telelefon: <\/strong>+36 24 423-498 (H-P 8-17h)<br \/><strong>Diszp\u00e9cser mobil:<\/strong> +36 70 331 9668 (24\/7)<br \/><strong>Sz\u00e9khely:\u00a0<\/strong>2330 Dunaharaszti, Szent Istv\u00e1n utca 2.<br \/><strong>Fi\u00f3ktelep, levelez\u00e9si c\u00edm:<\/strong> 2300 R\u00e1ckeve, Kossuth L. u. 122.<br \/><strong>Iroda:<\/strong> ad2@ad2elektronika.hu<br \/><strong>Hiba bejelent\u00e9s:<\/strong> kapcsolat@ad2elektronika.hu <\/cite><\/blockquote>\n<\/p><\/div>\n<\/p><\/div>\n<\/p><\/div>\n<\/p><\/div>\n<div class=\"elementor-element elementor-element-25b123d e-con-full e-flex wpr-particle-no wpr-jarallax-no wpr-parallax-no wpr-sticky-section-no wpr-equal-height-no e-con e-parent\" data-id=\"25b123d\" data-element_type=\"container\" data-e-type=\"container\">\n<div class=\"elementor-element elementor-element-f0001e5 elementor-widget__width-inherit elementor-widget elementor-widget-html\" data-id=\"f0001e5\" data-element_type=\"widget\" data-e-type=\"widget\" data-widget_type=\"html.default\">\n<div class=\"elementor-widget-container\">\n<figure><iframe style=\"border: 0;\" src=\"https:\/\/www.google.com\/maps\/embed?pb=!1m18!1m12!1m3!1d2703.151197055048!2d19.09425231593301!3d47.350445979168526!2m3!1f0!2f0!3f0!3m2!1i1024!2i768!4f13.1!3m3!1m2!1s0x4741f77442a851c5%3A0x824e337f1b97c639!2s%C3%81-D2%20Kft.!5e0!3m2!1shu!2shu!4v1580725231355!5m2!1shu!2shu\" width=\"600\" height=\"450\" frameborder=\"0\" allowfullscreen=\"allowfullscreen\"><\/iframe><\/figure>\n<\/p><\/div>\n<\/p><\/div>\n<\/p><\/div>\n\t\t<\/div>\n\t\t","protected":false},"excerpt":{"rendered":"<p>Kapcsolat Kapcsolat Kapcsolat El\u00e9rhet\u0151s\u00e9geink Telelefon: +36 24 423-498 (H-P 8-17h)Diszp\u00e9cser mobil: +36 70 331 9668 (24\/7)Sz\u00e9khely:\u00a02330 Dunaharaszti, Szent Istv\u00e1n utca 2.Fi\u00f3ktelep, levelez\u00e9si c\u00edm: 2300 R\u00e1ckeve, Kossuth L. u. 122.Iroda: ad2@ad2elektronika.huHiba bejelent\u00e9s: kapcsolat@ad2elektronika.hu<\/p>\n","protected":false},"author":1,"featured_media":0,"parent":0,"menu_order":0,"comment_status":"closed","ping_status":"closed","template":"elementor_canvas","meta":{"footnotes":""},"class_list":["post-596","page","type-page","status-publish","hentry"],"_links":{"self":[{"href":"https:\/\/www.ad2elektronika.hu\/index.php\/wp-json\/wp\/v2\/pages\/596","targetHints":{"allow":["GET"]}}],"collection":[{"href":"https:\/\/www.ad2elektronika.hu\/index.php\/wp-json\/wp\/v2\/pages"}],"about":[{"href":"https:\/\/www.ad2elektronika.hu\/index.php\/wp-json\/wp\/v2\/types\/page"}],"author":[{"embeddable":true,"href":"https:\/\/www.ad2elektronika.hu\/index.php\/wp-json\/wp\/v2\/users\/1"}],"replies":[{"embeddable":true,"href":"https:\/\/www.ad2elektronika.hu\/index.php\/wp-json\/wp\/v2\/comments?post=596"}],"version-history":[{"count":25,"href":"https:\/\/www.ad2elektronika.hu\/index.php\/wp-json\/wp\/v2\/pages\/596\/revisions"}],"predecessor-version":[{"id":1478,"href":"https:\/\/www.ad2elektronika.hu\/index.php\/wp-json\/wp\/v2\/pages\/596\/revisions\/1478"}],"wp:attachment":[{"href":"https:\/\/www.ad2elektronika.hu\/index.php\/wp-json\/wp\/v2\/media?parent=596"}],"curies":[{"name":"wp","href":"https:\/\/api.w.org\/{rel}","templated":true}]}}