{"id":565,"date":"2019-11-20T14:46:25","date_gmt":"2019-11-20T13:46:25","guid":{"rendered":"http:\/\/www.ad2elektronika.hu\/?page_id=565"},"modified":"2025-02-20T10:23:23","modified_gmt":"2025-02-20T09:23:23","slug":"tavfelugyelet","status":"publish","type":"page","link":"https:\/\/www.ad2elektronika.hu\/index.php\/tavfelugyelet\/","title":{"rendered":"T\u00e1vfel\u00fcgyelet"},"content":{"rendered":"\t\t<div data-elementor-type=\"wp-page\" data-elementor-id=\"565\" class=\"elementor elementor-565\">\n\t\t\t\t<div class=\"elementor-element elementor-element-1e9be53 e-con-full e-flex wpr-particle-no wpr-jarallax-no wpr-sticky-section-no wpr-equal-height-no e-con e-parent\" data-id=\"1e9be53\" data-element_type=\"container\" data-e-type=\"container\" data-settings=\"{&quot;background_background&quot;:&quot;slideshow&quot;,&quot;background_slideshow_gallery&quot;:[{&quot;id&quot;:1375,&quot;url&quot;:&quot;https:\\\/\\\/www.ad2elektronika.hu\\\/wp-content\\\/uploads\\\/2025\\\/02\\\/css_coding-wallpaper-2560x1440-1.jpg&quot;}],&quot;background_slideshow_loop&quot;:&quot;yes&quot;,&quot;background_slideshow_slide_duration&quot;:5000,&quot;background_slideshow_slide_transition&quot;:&quot;fade&quot;,&quot;background_slideshow_transition_duration&quot;:500}\">\n\t\t<div class=\"elementor-element elementor-element-abb2c06 e-con-full e-flex wpr-particle-no wpr-jarallax-no wpr-parallax-no wpr-sticky-section-no wpr-equal-height-no e-con e-child\" data-id=\"abb2c06\" data-element_type=\"container\" data-e-type=\"container\">\n\t\t\t\t<div class=\"elementor-element elementor-element-7cb66d9 elementor-widget__width-initial elementor-widget elementor-widget-heading\" data-id=\"7cb66d9\" data-element_type=\"widget\" data-e-type=\"widget\" data-widget_type=\"heading.default\">\n\t\t\t\t<div class=\"elementor-widget-container\">\n\t\t\t\t\t<h2 class=\"elementor-heading-title elementor-size-default\">T\u00e1vfel\u00fcgyelet<\/h2>\t\t\t\t<\/div>\n\t\t\t\t<\/div>\n\t\t\t\t<\/div>\n\t\t\t\t<\/div>\n\t\t<div class=\"elementor-element elementor-element-13c61d1a e-flex e-con-boxed wpr-particle-no wpr-jarallax-no wpr-parallax-no wpr-sticky-section-no wpr-equal-height-no e-con e-parent\" data-id=\"13c61d1a\" data-element_type=\"container\" data-e-type=\"container\">\n\t\t\t\t\t<div class=\"e-con-inner\">\n\t\t\t\t<div class=\"elementor-element elementor-element-32f46a42 elementor-widget elementor-widget-text-editor\" data-id=\"32f46a42\" data-element_type=\"widget\" data-e-type=\"widget\" data-widget_type=\"text-editor.default\">\n\t\t\t\t<div class=\"elementor-widget-container\">\n\t\t\t\t\t\t\t\t\t\n<p>Nyaral\u00f3kban, lak\u00e1sokban, irod\u00e1kban, \u00fczlethelyis\u00e9gekben \u00fczemel\u0151 riaszt\u00f3berendez\u00e9sek \u00e1ltal \u00e9rz\u00e9kelt \u00e9s fel\u00fcgyelet\u00fcnkre tov\u00e1bb\u00edtott jelek fogad\u00e1s\u00e1t, \u00e9s azokra val\u00f3 int\u00e9zked\u00e9s a nap 24 \u00f3r\u00e1j\u00e1ban.<\/p>\n\n\n\n<p><strong>Jelz\u00e9st\u00edpusok, melyeket t\u00e1vfel\u00fcgyeleti rendszer\u00fcnk fogad:<\/strong><\/p>\n\n\n\n<p><strong>Bet\u00f6r\u00e9sjelz\u00e9s:<\/strong>&nbsp;Diszp\u00e9cser\u00fcnk azonos\u00edtja a behatol\u00e1s pontos hely\u00e9t \u00e9s idej\u00e9t. Ennek felt\u00e9tele, hogy minden \u00e9rz\u00e9kel\u0151 k\u00fcl\u00f6n z\u00f3n\u00e1ra kapcsol\u00f3djon a k\u00f6zpontban. A r\u00e9gebbi rendszerekn\u00e9l ez m\u00e9g nem lehets\u00e9ges, arr\u00f3l \u00f6sszes\u00edtett bet\u00f6r\u00e9sjelz\u00e9s \u00e9rkezik.<\/p>\n\n\n\n<p><strong>T\u00e1mad\u00e1sjelz\u00e9s:<\/strong>&nbsp;Ez esetben nincs lehet\u0151s\u00e9g a jelz\u00e9s lemond\u00e1s\u00e1ra, j\u00e1r\u0151r\u00fcnk azonnal a helysz\u00ednre siet, \u00e9s a rend\u0151rs\u00e9get is \u00e9rtes\u00edti.<\/p>\n\n\n\n<p><strong>K\u00e9nyszer\u00edtett nyit\u00e1s jelz\u00e9se:<\/strong>&nbsp;Egy k\u00fcl\u00f6n k\u00f3d seg\u00edts\u00e9g\u00e9vel az \u00fcgyelet tudom\u00e1s\u00e1ra hozhat\u00f3, ha valakit (pl.: fegyverrel) arra k\u00e9nyszer\u00edtenek, hogy kikapcsolja a riaszt\u00f3t. Ilyenkor a riaszt\u00f3 kikapcsol\u00e1sa mellett jelent\u00e9s megy az \u00fcgyeletre, s a diszp\u00e9cser azonnal \u00e9rtes\u00edti a rend\u0151rs\u00e9get \u00e9s\/vagy a kivonul\u00f3 szolg\u00e1latot. Szabot\u00e1zsjelz\u00e9s: A riaszt\u00f3rendszer 24 \u00f3r\u00e1s \u00f6nv\u00e9delme, idegenkez\u0171s\u00e9g \u00e9s rong\u00e1l\u00e1s ellen.<\/p>\n\n\n\n<p><strong>Hiba\u00fczenetek:<\/strong>&nbsp;A riaszt\u00f3k\u00f6zpont jelzi a h\u00e1l\u00f3zati fesz\u00fclts\u00e9g kimarad\u00e1s\u00e1t, \u00e9s ha az hosszabb ideig nem t\u00e9r vissza, akkor az akkumul\u00e1tor mer\u00fcl\u00e9s\u00e9t is. Ezenk\u00edv\u00fcl b\u00e1rmilyen a biztons\u00e1got vesz\u00e9lyeztet\u0151 m\u0171szaki hib\u00e1t lejelent a fel\u00fcgyeleti k\u00f6zpont fel\u00e9. Az \u00fcgyelet \u00e9rtes\u00edti a tulajdonost az esem\u00e9nyr\u0151l, \u00e9s seg\u00edt a hiba min\u00e9l hamarabbi elh\u00e1r\u00edt\u00e1s\u00e1ban.<\/p>\n\n\n\n<p><strong>Tesztjelent\u00e9s:<\/strong>&nbsp;A rendszer id\u0151k\u00f6z\u00f6nk\u00e9nt tesztjelent\u00e9st k\u00fcld az \u00fcgyeletre, ezzel ellen\u0151rizve az \u00f6sszek\u00f6ttet\u00e9st az objektum \u00e9s az \u00fcgyeleti sz\u00e1m\u00edt\u00f3g\u00e9p k\u00f6z\u00f6tt.<\/p>\n\n\n\n<p>K\u00f6zpontunkban sz\u00e1m\u00edt\u00f3g\u00e9p r\u00f6gz\u00edti a bej\u00f6v\u0151 jelz\u00e9seket \u00e9s diszp\u00e9cser\u00fcnk pontos utas\u00edt\u00e1sai alapj\u00e1n kik\u00e9pzett j\u00e1r\u0151reink a riaszt\u00e1s ut\u00e1n n\u00e9h\u00e1ny percen bel\u00fcl a helysz\u00ednre \u00e9rkeznek. J\u00e1r\u0151r p\u00e1ros egy biztons\u00e1gi \u0151r \u00e9s egy szabadid\u0151s rend\u0151rb\u0151l \u00e1ll. J\u00e1r\u0151reink a riaszt\u00e1s helysz\u00edn\u00e9n a jegyz\u0151k\u00f6nyvet k\u00e9sz\u00edtenek az esem\u00e9nyr\u0151l.<\/p>\n\n\n\n<p>A bej\u00f6v\u0151 jelz\u00e9seket GPRS vagy az NMHH \u00e1ltal enged\u00e9lyezett r\u00e1di\u00f3val, saj\u00e1t frekvenci\u00e1nkon tudjuk fogadni. Bet\u00f6r\u00e9s eset\u00e9n az \u0151reink biztos\u00edtj\u00e1k a helysz\u00ednt a tulajdonos, vagy illet\u00e9kes szem\u00e9ly meg\u00e9rkez\u00e9s\u00e9ig.<\/p>\n\n\n\n<p>Riaszt\u00f3rendszereink MABISZ aj\u00e1nl\u00e1ssal rendelkeznek.<\/p>\n\n\n\n<p>Valamennyi munkat\u00e1rsunk a megfelel\u0151 enged\u00e9lyekkel \u00e9s igazolv\u00e1nyokkal, erk\u00f6lcsi bizony\u00edtv\u00e1nnyal rendelkezik. Munkat\u00e1rsaink folyamatos tov\u00e1bbk\u00e9pz\u00e9se \u00e9s technikai h\u00e1tter\u00fcnk fejleszt\u00e9se biztos\u00edtja a c\u00e9g\u00fcnk erk\u00f6lcsi \u00e9s m\u0171szaki megb\u00edzhat\u00f3s\u00e1g\u00e1t.<\/p>\n\n\n\n<p><em>Szerz\u0151d\u00f6tt partnereink bevon\u00e1s\u00e1val az orsz\u00e1g eg\u00e9sz ter\u00fclet\u00e9n biztos\u00edtjuk a helysz\u00edni kivonul\u00e1st.<\/em><\/p>\n\t\t\t\t\t\t\t\t<\/div>\n\t\t\t\t<\/div>\n\t\t\t\t\t<\/div>\n\t\t\t\t<\/div>\n\t\t\t\t<\/div>\n\t\t","protected":false},"excerpt":{"rendered":"<p>T\u00e1vfel\u00fcgyelet Nyaral\u00f3kban, lak\u00e1sokban, irod\u00e1kban, \u00fczlethelyis\u00e9gekben \u00fczemel\u0151 riaszt\u00f3berendez\u00e9sek \u00e1ltal \u00e9rz\u00e9kelt \u00e9s fel\u00fcgyelet\u00fcnkre tov\u00e1bb\u00edtott jelek fogad\u00e1s\u00e1t, \u00e9s azokra val\u00f3 int\u00e9zked\u00e9s a nap 24 \u00f3r\u00e1j\u00e1ban. Jelz\u00e9st\u00edpusok, melyeket t\u00e1vfel\u00fcgyeleti rendszer\u00fcnk fogad: Bet\u00f6r\u00e9sjelz\u00e9s:&nbsp;Diszp\u00e9cser\u00fcnk azonos\u00edtja a behatol\u00e1s pontos hely\u00e9t \u00e9s idej\u00e9t. Ennek felt\u00e9tele, hogy minden \u00e9rz\u00e9kel\u0151 k\u00fcl\u00f6n z\u00f3n\u00e1ra kapcsol\u00f3djon a k\u00f6zpontban. A r\u00e9gebbi rendszerekn\u00e9l ez m\u00e9g nem lehets\u00e9ges, arr\u00f3l \u00f6sszes\u00edtett bet\u00f6r\u00e9sjelz\u00e9s \u00e9rkezik. T\u00e1mad\u00e1sjelz\u00e9s:&nbsp;Ez esetben nincs lehet\u0151s\u00e9g a jelz\u00e9s lemond\u00e1s\u00e1ra, j\u00e1r\u0151r\u00fcnk azonnal a helysz\u00ednre siet, \u00e9s a rend\u0151rs\u00e9get is \u00e9rtes\u00edti. K\u00e9nyszer\u00edtett nyit\u00e1s jelz\u00e9se:&nbsp;Egy k\u00fcl\u00f6n k\u00f3d seg\u00edts\u00e9g\u00e9vel az \u00fcgyelet tudom\u00e1s\u00e1ra hozhat\u00f3, ha valakit (pl.: fegyverrel) arra k\u00e9nyszer\u00edtenek, hogy kikapcsolja a riaszt\u00f3t. Ilyenkor a riaszt\u00f3 kikapcsol\u00e1sa mellett jelent\u00e9s megy az \u00fcgyeletre, s a diszp\u00e9cser azonnal \u00e9rtes\u00edti a rend\u0151rs\u00e9get \u00e9s\/vagy a kivonul\u00f3 szolg\u00e1latot. Szabot\u00e1zsjelz\u00e9s: A riaszt\u00f3rendszer 24 \u00f3r\u00e1s \u00f6nv\u00e9delme, idegenkez\u0171s\u00e9g \u00e9s rong\u00e1l\u00e1s ellen. Hiba\u00fczenetek:&nbsp;A riaszt\u00f3k\u00f6zpont jelzi a h\u00e1l\u00f3zati fesz\u00fclts\u00e9g kimarad\u00e1s\u00e1t, \u00e9s ha az hosszabb ideig nem t\u00e9r vissza, akkor az akkumul\u00e1tor mer\u00fcl\u00e9s\u00e9t is. Ezenk\u00edv\u00fcl b\u00e1rmilyen a biztons\u00e1got vesz\u00e9lyeztet\u0151 m\u0171szaki hib\u00e1t lejelent a fel\u00fcgyeleti k\u00f6zpont fel\u00e9. Az \u00fcgyelet \u00e9rtes\u00edti a tulajdonost az esem\u00e9nyr\u0151l, \u00e9s seg\u00edt a hiba min\u00e9l hamarabbi elh\u00e1r\u00edt\u00e1s\u00e1ban. Tesztjelent\u00e9s:&nbsp;A rendszer id\u0151k\u00f6z\u00f6nk\u00e9nt tesztjelent\u00e9st k\u00fcld az \u00fcgyeletre, ezzel ellen\u0151rizve az \u00f6sszek\u00f6ttet\u00e9st az objektum \u00e9s az \u00fcgyeleti sz\u00e1m\u00edt\u00f3g\u00e9p k\u00f6z\u00f6tt. K\u00f6zpontunkban sz\u00e1m\u00edt\u00f3g\u00e9p r\u00f6gz\u00edti a bej\u00f6v\u0151 jelz\u00e9seket \u00e9s diszp\u00e9cser\u00fcnk pontos utas\u00edt\u00e1sai alapj\u00e1n kik\u00e9pzett j\u00e1r\u0151reink a riaszt\u00e1s ut\u00e1n n\u00e9h\u00e1ny percen bel\u00fcl a helysz\u00ednre \u00e9rkeznek. J\u00e1r\u0151r p\u00e1ros egy biztons\u00e1gi \u0151r \u00e9s egy szabadid\u0151s rend\u0151rb\u0151l \u00e1ll. J\u00e1r\u0151reink a riaszt\u00e1s helysz\u00edn\u00e9n a jegyz\u0151k\u00f6nyvet k\u00e9sz\u00edtenek az esem\u00e9nyr\u0151l. A bej\u00f6v\u0151 jelz\u00e9seket GPRS vagy az NMHH \u00e1ltal enged\u00e9lyezett r\u00e1di\u00f3val, saj\u00e1t frekvenci\u00e1nkon tudjuk fogadni. Bet\u00f6r\u00e9s eset\u00e9n az \u0151reink biztos\u00edtj\u00e1k a helysz\u00ednt a tulajdonos, vagy illet\u00e9kes szem\u00e9ly meg\u00e9rkez\u00e9s\u00e9ig. Riaszt\u00f3rendszereink MABISZ aj\u00e1nl\u00e1ssal rendelkeznek. Valamennyi munkat\u00e1rsunk a megfelel\u0151 enged\u00e9lyekkel \u00e9s igazolv\u00e1nyokkal, erk\u00f6lcsi bizony\u00edtv\u00e1nnyal rendelkezik. Munkat\u00e1rsaink folyamatos tov\u00e1bbk\u00e9pz\u00e9se \u00e9s technikai h\u00e1tter\u00fcnk fejleszt\u00e9se biztos\u00edtja a c\u00e9g\u00fcnk erk\u00f6lcsi \u00e9s m\u0171szaki megb\u00edzhat\u00f3s\u00e1g\u00e1t. Szerz\u0151d\u00f6tt partnereink bevon\u00e1s\u00e1val az orsz\u00e1g eg\u00e9sz ter\u00fclet\u00e9n biztos\u00edtjuk a helysz\u00edni kivonul\u00e1st.<\/p>\n","protected":false},"author":1,"featured_media":0,"parent":0,"menu_order":0,"comment_status":"closed","ping_status":"closed","template":"elementor_canvas","meta":{"footnotes":""},"class_list":["post-565","page","type-page","status-publish","hentry"],"_links":{"self":[{"href":"https:\/\/www.ad2elektronika.hu\/index.php\/wp-json\/wp\/v2\/pages\/565","targetHints":{"allow":["GET"]}}],"collection":[{"href":"https:\/\/www.ad2elektronika.hu\/index.php\/wp-json\/wp\/v2\/pages"}],"about":[{"href":"https:\/\/www.ad2elektronika.hu\/index.php\/wp-json\/wp\/v2\/types\/page"}],"author":[{"embeddable":true,"href":"https:\/\/www.ad2elektronika.hu\/index.php\/wp-json\/wp\/v2\/users\/1"}],"replies":[{"embeddable":true,"href":"https:\/\/www.ad2elektronika.hu\/index.php\/wp-json\/wp\/v2\/comments?post=565"}],"version-history":[{"count":9,"href":"https:\/\/www.ad2elektronika.hu\/index.php\/wp-json\/wp\/v2\/pages\/565\/revisions"}],"predecessor-version":[{"id":1382,"href":"https:\/\/www.ad2elektronika.hu\/index.php\/wp-json\/wp\/v2\/pages\/565\/revisions\/1382"}],"wp:attachment":[{"href":"https:\/\/www.ad2elektronika.hu\/index.php\/wp-json\/wp\/v2\/media?parent=565"}],"curies":[{"name":"wp","href":"https:\/\/api.w.org\/{rel}","templated":true}]}}